*j**2 + 7*j - 9. Suppose 3*t + 11 = 5*g, 3*t = -6*g + g + 29. Let w be v(g). Let q(b) = 296*b + 7. Is q(w) a prime number?
False
Let w = 7630 - 12682. Let j = w + 8442. Suppose 16*v - j = 6*v. Is v a prime number?
False
Suppose 3*m = -h + 1592, -h + 3*h = m - 533. Suppose -12*a = -369 + 309. Suppose -m - 584 = -a*v. Is v a prime number?
True
Suppose -62*n + 1580281 = -636157. Is n composite?
True
Let r be (56/42)/(2/6). Let v = r + -24. Is -12*(0 - (-1255)/v) prime?
False
Let s = 10453 + -20622. Let u = -5682 - s. Is u prime?
False
Suppose 0 = -20*j - 15*j + 36*j - 263854. Is j prime?
False
Suppose 4*b - 353 = -0*b - 5*p, -4*p + 4 = 0. Suppose 34 = 2*w - 3*i - 415, -3*w - 5*i = -683. Let t = w - b. Is t composite?
False
Let h be (-29)/(-87)*0*(-3)/6. Suppose 6*j - 8*j - 5*d + 3341 = h, -5*j + 8363 = 2*d. Is j a prime number?
False
Let g be 252/20 - (34/(-10) - -3). Let n be 17/(-2)*(-3640)/g. Let k = n - 1383. Is k prime?
True
Suppose 20 = -4*c, 5*b - 4*c = -c + 40. Let h(d) = -278*d + 5 - 3 + b - 4. Is h(-7) a composite number?
False
Let s be (4/3)/((-94)/(-223908)). Let n = s - 379. Is n a prime number?
True
Suppose -4*c + x + 119404 + 35420 = 0, 154816 = 4*c + x. Is c a prime number?
False
Is (3 + 0 - 0/(-55))/((-9)/(-1151889)) prime?
True
Let b(u) = 7*u**2 + 10*u + 7. Let x be b(-8). Suppose -i + 345 = 3*l, -i + 4*l = l - x. Suppose 6*s - 344 = 2*s - 3*y, i = 4*s - y. Is s prime?
True
Suppose 0 = 3*v - 4*w - 1858385, 1122*v - 4*w = 1120*v + 1238914. Is v a prime number?
True
Let s(z) = z - 5. Let r be s(6). Is (r + 1)/((-34)/(-139145)) composite?
True
Let x(n) = -4*n**3 + n**2 + 12. Let k be x(-7). Let y = -850 + k. Is y composite?
True
Let r(m) = 2*m**3 - 128*m**2 - 400*m + 181. Is r(78) a prime number?
True
Suppose 7*a = 13*a - 24. Suppose 3*o - 17024 = a*w - 4277, 3*o + 4*w = 12771. Is o composite?
False
Let m(g) = -g. Let x(d) = -2*d - 7. Let u(y) = -6*m(y) + x(y). Let n be u(5). Let h = n - -1198. Is h a prime number?
False
Let l(m) = -3*m**3 + 35*m**2 + 12*m - 2. Let w be l(12). Is (-1 - 2 - -8262) + w composite?
True
Let c(z) = -2*z + 4. Let q be c(2). Suppose 13*h + 26 = -q*h. Let x = 36 - h. Is x a composite number?
True
Suppose -5*o + 1 = -3*p + 39, -p + 5*o + 6 = 0. Is -1 + 674 + 64/p a prime number?
True
Let u(a) = 5*a**2 + 26*a + 31. Let o(t) = -6*t**2 - 25*t - 29. Let d(y) = 3*o(y) + 4*u(y). Is d(32) prime?
False
Let p be 0 + -3 - (-10781 - 2). Let w = p - 16940. Is w/(-12) + (-10)/(-15) composite?
True
Let c(n) be the third derivative of n**5/60 + 19*n**4/24 - 17*n**3/6 + 7*n**2. Let g be c(-21). Is g - (24/14 - (-2)/7) prime?
True
Let q = -246147 + 909244. Is q a composite number?
False
Suppose -16 = 5*y + 3*u + 4, -2*y - 2*u = 4. Let f = 9885 + -14281. Is ((-3)/(-4))/(y/f) a composite number?
True
Let r(m) = 15*m**2 + 4*m - 84. Let j be r(-32). Suppose -5*y + 18935 = 3*p, 8*y - 4*p = 4*y + j. Is y composite?
True
Is -3*6/(-63) + 752726/238 composite?
False
Is (-3)/(-3)*(224686 - -13) prime?
True
Suppose 3*g - 10039 = 9293. Is (4/6)/(8/g) + 4 a prime number?
True
Suppose v - 4*r = 71335, 9876*v + 142706 = 9878*v - 4*r. Is v a composite number?
True
Let r(t) = 1272*t**2 + 3*t - 2. Let c be 9/8 + (-15)/120. Let u be r(c). Let z = -764 + u. Is z prime?
True
Let q(c) = c**3 + c**2 + 4*c + 2. Let z be (51/34)/((-3)/2). Let h be q(z). Is (28/(-56))/(h/9484) composite?
False
Let a = 39090 + 21469. Is a prime?
False
Let y(t) = t**3 + 4*t**2 + 3. Let p be y(-4). Let s be p + (389 - 3)/1. Suppose 2*a = 3*a - s. Is a a composite number?
False
Suppose 10 = -b + 2*f - 5*f, 0 = -5*b + 2*f + 18. Is (56/(-21) + 3)*1338/b a prime number?
True
Let r be ((-1923)/(-15))/(5/25). Suppose -19 = -11*g + 14. Suppose -q = g*q - b - 2519, -2*b = q - r. Is q a prime number?
True
Let h(f) = 97*f**2 - 11*f - 37. Let j be h(-6). Suppose -4*q - j = -11717. Is q prime?
False
Suppose 4*r + 5*s = 1, 2*r - 17 + 54 = 5*s. Is ((-57)/r)/((-21)/(-11046)) a composite number?
True
Is (-4848214)/(-42)*(13 - 10) a composite number?
True
Suppose 3022 = 2*a + 5*d, 2*a - 1210 = 5*d + 1852. Let l(w) = -w**2 + 6*w. Let y be l(5). Suppose 4*j + 3*x = 5656, y*j + 2*x + a - 8584 = 0. Is j composite?
True
Suppose -46*a + 228718 = -18808. Is a a prime number?
True
Suppose 2*x + 127 = -3*d + 1560, d + x = 476. Is d a prime number?
False
Suppose 0 = n + 3*a - 3794, -2*n - 42*a = -46*a - 7618. Is n composite?
False
Suppose 40 = l + 3*l. Let x be 5/(l/2344) - 3. Let n = 4108 - x. Is n composite?
False
Let f = -832 + 850. Suppose 2*g + 9 = 35. Suppose g*z = f*z - 50. Is z composite?
True
Let v(s) = 8*s - 1. Let g(j) = -9*j + 1. Let f(m) = 5*g(m) + 6*v(m). Let i be f(0). Is (3/12)/(i/(-1516)) prime?
True
Let a(w) = 14*w**2 - 23*w + 12. Let n(b) = -15*b**2 + 22*b - 13. Let h(v) = 3*a(v) + 2*n(v). Is h(11) composite?
False
Let r be -10144 + 52 + 1 + 3/(-1). Is r/(-10) - 12/30 composite?
False
Suppose 2365 = 18*y + 10771. Let o be 0 + 1 - (-799 - -2). Let d = y + o. Is d a composite number?
False
Let r = 10582 + -28068. Let i = r - -33693. Is i a prime number?
False
Let s(u) = u + 107. Let q be s(18). Suppose q*f = 123*f + 6554. Is f a prime number?
False
Let a(w) = 48*w + 1. Let k be a(-17). Let m = k + 297. Let o = m + 1429. Is o a prime number?
True
Suppose 9*g + 14 = -112. Let c be ((-8)/(-12))/(-2) - g/6. Suppose -2*q = 4, c*q = -2*n + q + 136. Is n prime?
False
Is 1576683840/2090 + 2/(-11) a prime number?
False
Suppose s = 5*t - 3*s - 2152241, -2*s - 2152253 = -5*t. Is t prime?
True
Let i = 523 - 433. Is 1 - 15/9 - (-166290)/i prime?
True
Let j(a) = -27787*a**3 - 12*a**2 - 14*a - 2. Is j(-1) a prime number?
False
Suppose -2*c = 4*u - 747542, 535*u - 531*u - 747528 = -4*c. Is u composite?
False
Let w(k) = 29*k - 21 + 49 + 11. Let o be w(17). Suppose 23*f + o = 27*f. Is f a prime number?
False
Is (-12 - -23)/((-8)/(4 - 81788)) a composite number?
True
Suppose -168*t - 126 = -174*t. Suppose -18*u - 16782 = -t*u. Is u composite?
True
Let k be (15/(-60))/((-1)/12). Suppose -2*b + 3421 = k*g, 4*b + 3*g - 6840 = -g. Is b prime?
True
Suppose 0 = 2*s + 3*s + 2*r - 46, 2*r = -3*s + 30. Suppose -5*u + 4*y = -1 - s, 27 = 3*u + 3*y. Let a(o) = 51*o - 16. Is a(u) a prime number?
True
Let c be 2/10*2 + 1161/135. Suppose 11*o - 2302 = c*o. Is o a composite number?
False
Let f(k) = 5*k**2 - 28*k - 77. Let h be f(30). Let b = 14320 + h. Is b a composite number?
False
Let o = -105668 - -192835. Is o a composite number?
True
Let q(v) = v**2 - 15*v + 16. Let r be q(14). Suppose a = 5*k - 4*a + 330, -3*k - 202 = -r*a. Let z = -51 - k. Is z prime?
True
Let n = -5582 + 6979. Is n a prime number?
False
Suppose 62223 = 3*x + 2421. Is x prime?
False
Let w = 662 - 612. Suppose w*a - 10520 = 111830. Is a composite?
False
Let t = -21 + 24. Suppose 4*k = t*k + 3*a + 3310, 5*k - 3*a - 16514 = 0. Suppose 0 = 5*x - 4*i - 8287, 0*i = -2*x - 3*i + k. Is x a composite number?
True
Suppose 2*r = -6*r + 688. Suppose 80*q - r*q = -54318. Suppose 4*l - q = 695. Is l a prime number?
True
Suppose -1 = -3*m + 2*u + 17, 4*u = -4*m + 44. Suppose 7*w - m*w = -5*j - 2094, -5*j - 6292 = -3*w. Is w a prime number?
True
Suppose 0*v - 3*v + 30 = 0. Let r(a) = -a**3 + 12*a**2 + a - 8. Let s be r(v). Let j = s + 667. Is j a prime number?
False
Let h(v) = -1650*v**3 - 10*v**2 - 8*v + 7. Let r(c) = -1650*c**3 - 14*c**2 - 9*c + 8. Let t(p) = -4*h(p) + 3*r(p). Is t(1) composite?
True
Suppose 741878 + 489979 = 9*f - 314604. Is f a prime number?
False
Suppose -212*f = 106677599 - 643216315. Is f a prime number?
False
Suppose -6*q + 263954 = -613684. Is q prime?
True
Let w be (5 + (-38)/8)*12 - -4790. Let v = -2184 + w. Is v composite?
False
Let w(b) be the second derivative of 0 - 3*b + 13/2*b**3 + 7/2*b**2. Is w(4) prime?
True
Let i = -17073 - -62306. Is i a prime number?
True
Let j be 2/(-16)*-12*-2. Is 3/j*(-53538)/6*1 prime?
True
Let s(d) = 1295*d - 24. Let c be s(8). Suppose 7*u - c + 1117 = 0. Is u composite?
True
Let f be (136/6)/(8/(-24)). Let h be 1/(-4) - (-19703)/f. Let w = h - -435. Is w a composite number?
True
Let r(w) = 476*w**2 + 9*w - 13. Let a(g) = 238*g**2 + 5*g - 7. Let p(x) = -11*a(x) + 6*r(x). Let i be p(-2). Let s = i - 514. Is s prime?
True
Let z(i) = i - 7. Let r be z(24). Is 1437/4 - (136/32)/r composite?
Fa